9 = 0. Let n(m) = -m**3 + 3*m**2 + 5*m - 3. Let o be n(4). Let x(w) = 2*w + o - 3 + 0. Determine x(i).
6
Let g = -133/3 - -45. Let y(w) be the third derivative of -1/8*w**4 + 0*w + 1/60*w**5 + 0 - g*w**3 - 2*w**2. Determine y(5).
6
Let z be (-14)/21*(-15)/2. Suppose -2*p + p = -12. Suppose -3*w - j = -p, -z*w + 25 + 2 = 4*j. Let m(d) = d**2 - 4*d + 2. Determine m(w).
-1
Suppose -5*z = 3*s - 9, -s - 2 = -0. Let x(c) = -2*c**2 + 3*c - 2. Let y(r) = 10*r**2 - 15*r + 10. Let f(t) = 11*x(t) + 2*y(t). Calculate f(z).
-11
Let q(u) = -4*u + 20. Let p be q(6). Let t(n) = n**2 + 4*n + 6. Calculate t(p).
6
Let z(i) be the second derivative of -i**4/12 + 5*i**2/2 + 8*i. Suppose -2*u - 5*b + 18 = 0, 13 = -u - 0*u + 3*b. Let d be 0/2 + u + 1. Give z(d).
5
Let s(l) = -5*l - 3. Let v be 6/(-10) + 24/15. Suppose -3*b + 0*b = 4*c - 14, 0 = -c - 3*b - v. Let j be (4/6)/(c/(-15)). Determine s(j).
7
Suppose 2*k + 2 = -5*r, -k - 2 - 4 = 5*r. Suppose -3*w - 2*w + 16 = k*g, -2*w + 8 = 2*g. Let x = 0 - w. Let s(n) = -n**2 - n + 6. Give s(x).
6
Let v(u) = 3*u**2 + u + 0*u**2 - u**2. Let x(z) = 2*z + 5. Let r(b) = -b - 2. Let l(j) = -13*r(j) - 6*x(j). Let g be l(5). What is v(g)?
3
Let k(i) be the second derivative of -i**6/360 - i**5/120 - i**3/6 - 4*i. Let d(r) be the second derivative of k(r). What is d(0)?
0
Let d = 26 - 18. Let g(b) = b**2 - 9*b + 4. What is g(d)?
-4
Let m(t) be the first derivative of -t**3/3 + 4*t**2 - 12*t + 48. Determine m(8).
-12
Suppose -y + 5*y = 12. Let c be (y - 6)*16/(-3). Let q be c/4*(-1 - 0). Let h(l) = l**3 + 5*l**2 + 3*l - 1. Calculate h(q).
3
Suppose -12*c + 2 = -14*c. Let h(q) = -3*q. Calculate h(c).
3
Let t(c) = c**2 + 6*c + 5. Suppose 3*g = 3*y - 9, 3*g + 0 = -4*y - 2. Let n(m) = 2*m**3 - m + 1. Let v be n(y). Suppose z - 4 = v*z. Determine t(z).
-3
Let w(m) = 6*m + 4*m - 5*m - 1. Calculate w(-1).
-6
Let g(t) = 3*t**2 + 2*t + 1. Let r(f) = -f**3 + 9*f**2 + 13*f - 12. Let i be r(10). Let z = -19 + i. Calculate g(z).
2
Let t(c) = -c - 3. Suppose 2*y = -2*y - 20. Let d be t(y). Let b(o) = -o**2 - o + 2. What is b(d)?
-4
Let a(v) = -5*v - 5. Suppose 9*n = -15 - 39. Determine a(n).
25
Let w(q) be the second derivative of -q**3/6 - q**2/2 - 8*q + 1. Suppose 2*n - n = -5. Calculate w(n).
4
Let g(r) = r**3 - 21*r**2. Let o be g(21). Let a(s) = -s + 4. Calculate a(o).
4
Let w(x) = x**2 + 2*x - 2. Suppose 2*j + 10 = 3*z, -2*z - 3*j = -j. Let i(a) = 2*a**3 + 8*a**2 + 3*a - 5. Let g be i(-3). Suppose -g*k - 10 - z = 0. Give w(k).
1
Let v(w) = -w**3 - 6*w**2 + 3*w - 8. Let y be v(-7). Let u be (-7)/(-2) - (-10)/y. Let i(l) = -l**3 + 4*l**2 - 1. Give i(u).
-1
Let p(g) = -7*g**3 + 1 - 12*g**3 + 20*g**3 + g + 2*g + 3*g**2. What is p(-2)?
-1
Let t(h) be the third derivative of h**6/24 + h**5/60 - h**3/6 + 3*h**2. Let u = -3 + 4. Give t(u).
5
Let x(m) = m**3 + 5*m**2 - m - 4. Let v(h) = 4*h**3 - h**2. Let i be -4 - ((-3 - 1) + 1). Let r be v(i). Determine x(r).
1
Let g(q) = q**3 + 2*q**2 - 3*q**3 - 7 + 3*q**2 - 2*q + q**3. What is g(5)?
-17
Let o(n) = n**3 - 6*n**2 + 5*n - 2. Suppose 2*v + 31 = -5*l - 2*v, -5*l = -4*v - 1. Let p be 0 + (-9)/l + 2. Calculate o(p).
-2
Let b(m) be the third derivative of m**5/6 - m**4/24 + m**2. Let i(r) = r**3 + r + 1. Let j be i(-1). Determine b(j).
11
Let c = 16 - 22. Let i be 1*c*2/6. Let v be (-4 - -2)/(4/i). Let f(q) = -5*q**3 - q**2 - q + 1. Give f(v).
-6
Let z = 11 - 9. Suppose -4*v + 4 = -z*v. Let y(n) = 4*n**2 - 2*n**v - 6*n + 2*n**2 - 3*n**2. What is y(5)?
-5
Let o = 43 + -71. Let q be o/(-6) + (-2)/3. Let t(d) = 7*d**2 - 10*d + 5. Let c(n) = 15*n**2 - 21*n + 10. Let k(f) = -6*c(f) + 13*t(f). Give k(q).
5
Let u = 5 + 9. Let y be 4/(-8) + u/(-4). Let c(l) be the first derivative of l**3/3 + 2*l**2 + 3*l + 1. Give c(y).
3
Let l(i) = 16*i**2 + 2*i - 1. Let r(v) = -1. Let x(s) = -l(s) + 2*r(s). Give x(-1).
-15
Suppose -4 = -5*l + 1. Let x be 6 - (1 - (l + 1)). Let d(g) = 0*g - x*g + 4*g. Calculate d(4).
-12
Let m(u) = -2*u**2 + 2*u + 4. Suppose j = 4*j. Let g = 3 - j. Determine m(g).
-8
Let l(h) = -2*h + 2 - 4 + 7 - 2. Calculate l(5).
-7
Let k(l) = l - 3. Let m = 14 + -9. Determine k(m).
2
Let n(v) be the second derivative of -v**6/180 + v**5/60 + v**4/8 - v**3/6 - 3*v. Let r(m) be the second derivative of n(m). Determine r(-2).
-9
Let y(h) be the first derivative of -1 - 2*h + 1/2*h**2. Give y(-4).
-6
Let x(a) = -a**2 + 3*a + 2. Let r(v) = 4*v**2 - 12*v - 8. Let k(q) = -q**2 - 4*q + 3. Let u be k(2). Let w(m) = u*x(m) - 2*r(m). Determine w(3).
-2
Let u(d) be the second derivative of -d**5/5 + d**3/3 + d**2/2 - 2*d. Suppose 124*s = 133*s + 9. Give u(s).
3
Let k(i) = -i - 6 + 11*i**3 + 0*i + 2*i**3 - i**3 + 7*i**2. Let f(l) = -l**3 - l**2 + 1. Let t(u) = -6*f(u) - k(u). Give t(1).
-6
Let p(u) be the first derivative of -3*u**2/2 - 2*u + 4. Give p(-7).
19
Let v = -399 - -402. Let k(z) = -4 + 0 + 0 + 5*z. What is k(v)?
11
Let w(d) = 9 + 3*d + 5*d**2 + 3*d + 2*d**2 + 2*d**3 - 3*d**3. Determine w(8).
-7
Let q = 31 - 28. Let h(z) = 2*z - 1. What is h(q)?
5
Let g(y) = -y + 2. Let d = 7 + -2. Suppose d*i + 20 = -2*z, -z + 14 = i + 3*z. Let x be i/8 - (-52)/(-16). Determine g(x).
6
Suppose 3*m + 2 = 4*i, -2*m = -3*m + 2. Suppose 4*b = -14 - i. Let l(a) be the second derivative of a**3/3 + 3*a**2 - a. Determine l(b).
-2
Let p(o) = -3*o**3 + o**2 + 4*o + 3. Let f(y) = 4*y**3 - y**2 - 4*y - 4. Let b(j) = -2*f(j) - 3*p(j). Let x be (-6)/4 + 3/(-2). Let d = x + 6. Give b(d).
5
Let c(y) = -y**2 + 6*y - 5. Let p = -6 + 12. Give c(p).
-5
Let b be 0/2 - (-8 + 4). Let x(y) = y - 5. What is x(b)?
-1
Let c(a) = -a**2. Let p(h) = -3 - 4*h**2 + 3*h + 0*h**2 - 4. Let z(k) = -5*c(k) + p(k). Let n(r) = 4*r**3 - 1. Let m be n(-1). Calculate z(m).
3
Let b = 4 + -2. Let g = -6 + 9. Let j(d) = 4*d + 0*d + g - b*d. Give j(3).
9
Suppose 0 = 10*p - 7*p. Let l = p + 7. Let w(f) = f**2 - 8*f + 6. Give w(l).
-1
Let m(t) = t**2 + 8*t + 5. Let f = -36 + 19. Let d = f - -12. What is m(d)?
-10
Let w(b) = b - 12. Let q(i) = -i + 10. Let x(t) = 7*q(t) + 6*w(t). Determine x(8).
-10
Let j(g) = -g**2 - 6*g + 5. Suppose -5*z + 3 = 38. Give j(z).
-2
Let u(t) = -t**3 + t**2 + t - 1. Let b be u(2). Let i be (-1)/(1/((-6)/2)). Let x(k) = -2*k**3 - 7*k**2 + 3*k**2 - i - 5*k + k**3. Determine x(b).
3
Let l(g) = -2*g**3 - g**2 + g + 1. Let k(i) = 4*i - 3*i - 2*i + 2*i. Let f be k(-1). Determine l(f).
1
Suppose -y + 2 = 3. Let m be (2 + -1 - y)*9. Suppose 0*b + b - m = 5*g, 4*g + 21 = 3*b. Let f(n) = 2*n**2 + 3*n - 2. Calculate f(g).
7
Let j(x) be the third derivative of -x**6/20 - x**5/30 + x**4/24 - x**2. Let t be (5/(-2) - -1)/(183/(-122)). Determine j(t).
-7
Let a(n) = -n**3 + 3*n**2 - 3*n - 2. Suppose 4*r - 3 = -2*b + 3*r, -r = 3*b - 6. Determine a(b).
-11
Let k(d) be the second derivative of d**4/24 + d**2 + 3*d. Let i(r) be the first derivative of k(r). Let c = -2 + 5. Determine i(c).
3
Suppose 0 = -3*c + 12, f + 0*c = -5*c + 18. Let t(a) = 3*a + 1. Determine t(f).
-5
Let t = -16 - -15. Let a(l) = l. Let n(z) = -4*z + 2. Let s(y) = t*n(y) - 6*a(y). Calculate s(2).
-6
Suppose 0 = -3*f - 0*h + 2*h + 8, 0 = -2*f + 5*h - 2. Suppose -5*s + x + 7 = 0, -f*s + x + 5 + 0 = 0. Let k(w) = 3*w - 2. Calculate k(s).
4
Let s be -1 - ((-2)/12 - 100/(-24)). Let x(d) = -d**2 - 4*d - 6. Calculate x(s).
-11
Suppose 3*u - 6*u = -9. Let w(v) = -u*v**2 + 0*v**2 + 5*v**2. Calculate w(-1).
2
Let a(v) = v**2 - 3*v + 4*v + 18 - 21. What is a(-4)?
9
Let c(a) = 2*a - 15. Let y be c(7). Let r(u) = -u. What is r(y)?
1
Let j(y) be the second derivative of -y**3 - 1/12*y**4 + 0 - 2*y - 7/2*y**2. Give j(-5).
-2
Let k(i) = -5*i - 9. Let x(j) = -j - 2. Let o(u) = 2*k(u) - 11*x(u). Give o(-3).
1
Let r = 9 - 5. Suppose 9*q - 4*q - r*b - 24 = 0, -3*q = 3*b - 9. Let d(v) = 2*v - 5. Calculate d(q).
3
Let m(s) = -2*s**3 + 2*s**2 + 2*s - 2. Let u be (-1)/(-4)*(-6 - 14/(-1)). Give m(u).
-6
Let m(p) = 4*p**2 - 4*p + 2. Let l(f) = 2*f + 16. Let c be l(-8). Suppose c = -4*n - n + 10. Give m(n).
10
Let g(p) be the second derivative of -p**3/2 - p**2/2 - p. Let y(w) = 2*w**2 - 2*w - 7. Let d be y(3). Let j = 8 - d. Calculate g(j).
-10
Let x(o) = o - 3 + 0 - 3*o. What is x(-5)?
7
Let u(i) = 6*i + 9 - 3*i**2 + 5*i**2 - 15*i - i**2. Determine u(6).
-9
Let b(k) = k. Let s(g) = g + 1. Let z(y) = -2*b(y) 